 l?
2
Suppose 2*f - 5*f + 3*t = -840, -3*t + 1099 = 4*f. Let m = f + -111. What is the tens digit of m?
6
Suppose -12 = -13*x + 9*x. Suppose -2*q - 55 = -x*q. What is the tens digit of q?
5
Let r(u) = -u**2 - 4*u + 7. Let i be r(-5). Let l(k) = -3*k**3 + 3*k**2 - 2*k - 1. Let z be l(i). Let b = 31 + z. What is the units digit of b?
4
Let a(i) = 6*i**2 - 35*i - 12. What is the hundreds digit of a(10)?
2
What is the tens digit of (-2)/(-12) + 424954/228?
6
Let k(s) = 2*s**2 - 6. Let r be k(-7). Suppose -h - 3*h + r = 0. Let n = -7 + h. What is the units digit of n?
6
Suppose 3*j + a - 3514 - 5458 = 0, 0 = -5*j + 4*a + 14959. What is the tens digit of j?
9
Suppose 3*j - 81*t - 3160 = -77*t, t + 4209 = 4*j. What is the units digit of j?
2
Suppose -g = -5*u + 9, u + g + 0 = 3. Let n(c) = 3 + 4 - 3*c**2 - 3*c + 4*c**u. What is the units digit of n(6)?
5
Let t(w) = w**2 - 2*w - 2. Let i(j) = 5*j**2 - 10*j - 9. Let c = 18 + -7. Let u(a) = c*t(a) - 2*i(a). What is the units digit of u(-3)?
1
Let d be ((-19)/38)/(2/16). Let v = d - -99. What is the tens digit of v?
9
Suppose -6692 = -3*x + 3916. What is the thousands digit of x?
3
What is the units digit of (-13)/((-455)/15) - (-3910)/7?
9
Let b(m) = -4*m + 1. Suppose -2*s + s - 1 = 0. Let d be b(s). Let p(x) = -x**3 + 6*x**2 + x + 3. What is the units digit of p(d)?
3
Let o = -1155 + 1672. What is the hundreds digit of o?
5
Let g be (-1 - 0) + 10 + -3. Suppose -4*z + 78 = g. What is the units digit of z?
8
Suppose 15*l - 2*l - 17511 = 0. What is the thousands digit of l?
1
Let o(t) = 3*t**3 - 15*t**2 + 12*t - 9. Let m(y) = -8*y**3 + 45*y**2 - 35*y + 26. Let k(q) = -4*m(q) - 11*o(q). What is the units digit of k(-16)?
3
Let i = 781 + -273. Suppose -3*m + 2*n = -i, -2*m - 7 = 5*n - 333. What is the hundreds digit of m?
1
Suppose 0 = 8*k - 3*k - 12025. What is the units digit of k?
5
Suppose 3*p = -11 + 227. Suppose 0 = -3*o - o - p. What is the units digit of (o/(-3))/2 - -3?
6
Suppose 16*t - 20*t - 1672 = -4*y, 0 = 4*y - 3*t - 1674. What is the units digit of y?
0
What is the tens digit of (-2)/(-18) - (2 + 25052/(-36))?
9
Suppose 5*f - 2420 = 5*h + 6440, -4*f + 7093 = -3*h. What is the tens digit of f?
7
Suppose -6*q + 334 = -728. What is the units digit of -4 + 8 + q + 0?
1
Suppose -4*h - 94 = -3*h + 4*u, -u = 5*h + 470. Suppose d + 690 = 6*d + 5*a, 3*d = 3*a + 420. Let x = h + d. What is the units digit of x?
5
Let g(v) = -7*v + 2 + 0*v + 3. Let r be g(2). Let s = 14 + r. What is the units digit of s?
5
Suppose 0*a + 4*a - 5808 = -2*i, 0 = a + 4*i - 1459. What is the tens digit of a?
5
Let u(b) = b**3 - 7*b**2 + 7*b - 5. Let h be u(6). Suppose -2*y = -3*y + h. What is the tens digit of 12/4 + 8/y?
1
Suppose -4*f = -4*l + 372, 7*l - 271 = 4*l + f. Suppose -94 - l = -3*s. Let t = s + 4. What is the units digit of t?
5
Suppose 0 = 4*d - 2*d - 3*f - 1140, 0 = 2*d + 2*f - 1140. What is the hundreds digit of d?
5
Suppose -765*s = -775*s + 24870. What is the units digit of s?
7
Let o be (43/1)/((-6)/6). Let w = o - -83. What is the units digit of w?
0
Let z(s) = -10*s + 1. Let p be z(-5). Suppose p = x - 4*r, -2*x - r - 137 = -4*x. What is the units digit of x?
1
What is the hundreds digit of (((-2)/(-3))/(-2))/((-33)/11682)?
1
Suppose 6 = a - g, 0 = -6*a + a - 4*g + 39. Suppose -1 = 2*c - a. Suppose c*x = -3*o + 2*o - 12, -o - 22 = 5*x. What is the units digit of o?
3
Suppose 4*a + 169 = -3. Suppose 3*i = -3*f + 261, -29 = i + 2*f - 112. Let l = a + i. What is the units digit of l?
8
Let x(q) = 3*q + 229. What is the tens digit of x(0)?
2
Suppose 4*h - 5*h = -2*u + 511, -2*h = -u + 251. What is the hundreds digit of u?
2
Let k = -13 - -8. Let y(h) = h**2 + 4*h - 2. Let b be y(k). What is the units digit of (-1)/b - (-176)/6?
9
Let z = 760 - 161. What is the units digit of z?
9
Let t(f) = 2*f**2 - 3*f - 29. What is the tens digit of t(-9)?
6
Suppose 3*l - 3950 = -4*k, 0 = -l + 2*k + 604 + 706. What is the hundreds digit of l?
3
Let o = 425 - -294. What is the units digit of o?
9
Suppose -4*v = -1413 + 353. What is the hundreds digit of v?
2
What is the hundreds digit of 3 - (0 - 2962/2)?
4
Let q = -398 + 792. What is the tens digit of q?
9
Let o be ((-735)/(-6))/(5/10). Suppose -5*u + o = 3*y, -2*u - 144 = -5*y + 223. Suppose 2*m - 14 = 5*n - y, 2*n - 2*m - 22 = 0. What is the tens digit of n?
1
Let h = 172 - -738. What is the tens digit of h?
1
Let a be (-1 - 0 - -8)/(-1). Let j(h) be the third derivative of -h**4/24 + 10*h**3/3 - 15*h**2 + 1. What is the units digit of j(a)?
7
Let b(l) = -16*l - 4. Let q(n) = -5*n - 1. Let s(z) = 3*b(z) - 8*q(z). Let v(a) = a**2 + 4*a. Let j be v(-3). What is the units digit of s(j)?
0
Let q be 1*12*154/56. Let a be 44/q - (-4)/6. Suppose -2*w - 3*c = -101, -4*c + 2 = -a*c. What is the units digit of w?
9
What is the hundreds digit of (-14256)/(-4) - (-5 - (-8 - -8))?
5
Let l(p) = -p - 1. Let k(j) = -2*j + 5. Let m(q) = k(q) - 3*l(q). What is the tens digit of m(14)?
2
What is the tens digit of 2/3 - 23300/(-60) - -2?
9
Let k = 2097 + -1479. What is the hundreds digit of k?
6
Let n be (-2)/4 + (-339)/(-2). Suppose q + q - 3*s - n = 0, -2*q + 139 = 3*s. What is the tens digit of q?
7
Let g = -75 - -134. Let k = 31 - g. Let o = k - -40. What is the tens digit of o?
1
Let x(t) = 3*t**2 - 8*t + 14. What is the units digit of x(6)?
4
Let q(z) = 4*z**2 - 2*z - 15. Let f be q(-4). Suppose 292 - f = 5*w. What is the units digit of w?
7
Let k(i) be the first derivative of -2*i**2 - 4*i + 14. What is the units digit of k(-7)?
4
Let h be (-2 - -2)/(8/(-4)). Suppose h = w + 3*y - 166, 0*w - 3*y = 5*w - 818. What is the tens digit of w?
6
Let k(c) = 64*c + 16. What is the hundreds digit of k(3)?
2
Suppose 8*d + 457 - 1817 = 0. What is the tens digit of d?
7
Suppose v - 4*f - 21 = 0, f = 3*v - 15 - 4. Let g = 14 - v. What is the units digit of 1 - -1 - (-18 - g)?
9
Let y(l) = l**3 + 11*l**2 - 37*l - 1. What is the tens digit of y(4)?
9
Suppose -1418*a = -1430*a + 6420. What is the units digit of a?
5
Let q be (1 - 2)/((-7)/(-945)). Let k = q - -243. What is the tens digit of k?
0
Suppose -5*c + 1419 - 4739 = -2*w, 2*w - c = 3328. What is the thousands digit of w?
1
What is the tens digit of (((-3)/9)/1)/(2/(-876))?
4
Suppose 2*k - 5*o + 10*o - 71 = 0, -5*o = -k - 2. What is the tens digit of k?
2
Suppose -5*f = 5, -5 = a + f - 1. Let r be (-2)/a + 10/(-15). Suppose -9*o + 4*o + 310 = r. What is the tens digit of o?
6
Let j(k) = -4*k**2 - 1 + 4*k + 4*k**2 + 2*k**2 - k**2. Let z(q) = -6*q**3 - 2*q**2 + q. Let a be z(1). What is the tens digit of j(a)?
2
Let z be 4 - (1/(-2))/((-2)/(-4)). Suppose 0 = -2*q - 5*w - 14 + 183, q - z*w = 62. What is the units digit of q?
7
Let u = -1 - 1. Let p(d) be the third derivative of -d**6/40 - d**4/8 - d**3/3 + 21*d**2. What is the tens digit of p(u)?
2
Suppose -2*t - 4*i = -130, -105 = -t - t + i. Let z = t - 6. What is the units digit of z?
9
Suppose -6*y + 32 = -2*y. Let g be (-2)/y - (-1700)/16. Suppose -5*p + 154 + g = 5*h, -5*h + 254 = 2*p. What is the units digit of h?
0
Let z = -41 + 48. Suppose -3*t = 5*i - z*i + 577, 0 = -4*i + 3*t + 1139. What is the tens digit of i?
8
Let t be (-12 - (-6 - -3))*184/(-6). Suppose 4*w = -3*d + 464, 3*w + w + t = 2*d. What is the hundreds digit of d?
1
Let n(b) = -b**3 - 4*b**2 - 2*b + 1. Let d be n(-2). What is the hundreds digit of (-195)/(12/4 + d + -1)?
1
Suppose -4*h - 4699 = -3*k + 4112, 2*h - 8793 = -3*k. What is the thousands digit of k?
2
Let q(t) = -t**3 - t**2 - 5*t - 5. Let s be q(-3). What is the units digit of (-65)/((-4)/(-14) - 36/s)?
5
Let y(u) = 6*u**2 + 22*u + 12. Let t(g) = 7*g**2 + 23*g + 12. Let h(j) = 5*t(j) - 6*y(j). What is the tens digit of h(-13)?
4
Let h = 17 + -23. Let q(g) = -2*g**2 - 20*g + 7. What is the units digit of q(h)?
5
What is the hundreds digit of (-5 - 2)*(21742/(-98) + -12)?
6
Let j = -1065 - -1798. What is the hundreds digit of j?
7
Suppose -4*o - 8 = 0, 3*n - 5*o - 208 = n. Let g = n + -62. What is the units digit of g?
7
What is the hundreds digit of 13065/90 - 15/(-18)?
1
Suppose 0 = -4*n + 3*n - 5*z + 1455, z + 4317 = 3*n. Suppose 34*w - n = 29*w. What is the hundreds digit of w?
2
Suppose -2 + 7 = -a. Let i(l) = -29*l - 11. What is the units digit of i(a)?
